{"id":50,"date":"2020-02-09T21:57:27","date_gmt":"2020-02-09T21:57:27","guid":{"rendered":"http:\/\/isar-legal.de\/?page_id=50"},"modified":"2020-02-21T09:21:09","modified_gmt":"2020-02-21T09:21:09","slug":"beratungsablauf","status":"publish","type":"page","link":"https:\/\/isar-legal.de\/?page_id=50","title":{"rendered":"Beratungsablauf"},"content":{"rendered":"\n<ul class=\"is-layout-flex wp-block-gallery-1 wp-block-gallery columns-1 is-cropped\"><li class=\"blocks-gallery-item\"><figure><img decoding=\"async\" loading=\"lazy\" width=\"1024\" height=\"442\" src=\"http:\/\/isar-legal.de\/wp-content\/uploads\/2020\/02\/businessman-2606509_1280-1024x442.jpg\" alt=\"\" data-id=\"51\" data-link=\"http:\/\/isar-legal.de\/?attachment_id=51\" class=\"wp-image-51\" srcset=\"https:\/\/isar-legal.de\/wp-content\/uploads\/2020\/02\/businessman-2606509_1280-1024x442.jpg 1024w, https:\/\/isar-legal.de\/wp-content\/uploads\/2020\/02\/businessman-2606509_1280-300x129.jpg 300w, https:\/\/isar-legal.de\/wp-content\/uploads\/2020\/02\/businessman-2606509_1280-768x331.jpg 768w, https:\/\/isar-legal.de\/wp-content\/uploads\/2020\/02\/businessman-2606509_1280-500x216.jpg 500w, https:\/\/isar-legal.de\/wp-content\/uploads\/2020\/02\/businessman-2606509_1280.jpg 1280w\" sizes=\"(max-width: 1024px) 100vw, 1024px\" \/><\/figure><\/li><\/ul>\n\n\n\n<p>Was Sie von uns erwarten d\u00fcrfen\nund was wir Ihnen anbieten:<\/p>\n\n\n\n<ol><li><strong>Vertrauen:<\/strong> Vertrauen ist das h\u00f6chste Gut, dem wir uns Innen gegen\u00fcber verpflichtet f\u00fchlen. Vertraulichkeit und Verschwiegenheit sind selbstverst\u00e4ndlich. Das wissen auch unsere Mitarbeiter.<br><\/li><li><strong>Beratungsansatz:<\/strong> Wir erforschen den Sachverhalt mit dem Hintergrundwissen des Juristen, der wei\u00df, worauf es ankommt und mit einer gewissen Branchenerfahrung. Verf\u00fcgen wir im Einzelfall nicht \u00fcber diese Branchenerfahrung, legen wir das offen und holen uns die Expertise \u00fcber Netzwerkpartner ein. In der Regel sind wir auf Ihre Informationen angewiesen und fragen ab, welche Sachverhaltsangaben wir ben\u00f6tigen. <br><\/li><li><strong>Mandatsinhalt:<\/strong> Nach der gr\u00fcndlichen Sachverhaltsanalyse, in die wir Sie einbeziehen, werden die jeweiligen Interessen und Ziele mit Ihnen als Mandanten er\u00f6rtert und \u00fcberlegt, welche Ziele auf welchem Weg erreicht werden k\u00f6nnen, welche Voraussetzungen ggfls. noch erf\u00fcllt werden m\u00fcssen oder ob ein Ziel unrealistisch ist. Im letzten Fall m\u00fcssen die Erwartungshaltungen gemeinsam auf das Machbare korrigiert werden.<br><\/li><li><strong>Strategie: <\/strong>Sachverhalt, Analyse und Beratungsansatz fassen wir in aller Regel schriftlich zusammen. Dann k\u00f6nnen Sie nachlesen, was wir besprochen haben, etwaige Nachfragen kl\u00e4ren und wir haben gemeinsam einen Fahrplan, was erreicht werden soll. Entw\u00fcrfe stimmen wir in der Regel mit Ihnen ab, wenn es um Sachverhaltsfragen geht.<br><\/li><li><strong>Erfolgsaussichten:<\/strong> In Gerichtsverfahren werden wir oft gefragt, welche Erfolgsaussichten ein Prozess hat. Vor Einleitung eines Prozesses sollten anderen Mittel ausgesch\u00f6pft sein. Bei Klagen, die wir selbst einleiten, k\u00f6nnen wir die bestehenden Risiken vorher benennen. Sind Sie verklagt worden, erstellen wir auch eine Risikoanalyse. Der Erfolg eines Rechtsstreits h\u00e4ngt in der Regel von der gr\u00fcndlichen Erarbeitung aller rechtlich relevanten Angaben zum Sachverhalt ab. Die Rechtslage ergibt sich aus dem Sachverhalt und seinen Besonderheiten.<br><\/li><li><strong>Gestaltungsm\u00f6glichkeiten:<\/strong> wir beraten Sie zu allen Optionen unseres Handelns. Ob wir nach au\u00dfen auftreten, dass entscheiden wir gemeinsam. Manchmal kann eine Hintergrundberatung eine Option sein. Nat\u00fcrlich vertreten wir Sie auch nach au\u00dfen. Welchen Stil wir dabei wahrnehmen, das besprechen wir mit Ihnen. <br><\/li><li><strong>Honorare:<\/strong> Sie m\u00fcssen wissen, was unsere Leistungen kosten. Wir geben Ihnen immer einen Kostenvoranschlag, wenn Sie das w\u00fcnschen. Wir kl\u00e4ren Sie auf, wenn die gesetzlichen Geb\u00fchren ma\u00dfgeblich sind und wir stellen Ihnen eine Prozesskostenrisikoberechnung zur Verf\u00fcgung. In der Regel werden wir auf Basis einer Honorarvereinbarung t\u00e4tig. Wir rechnen zeitnah, in der Regel monatlich ab, damit Sie das nachvollziehen k\u00f6nnen. Wir k\u00f6nnen Leistungen auf Anfrage auch budgetieren.<br><\/li><li><strong>Abschluss des Mandats:<\/strong> ist das Ziel erreicht, erhalten Sie von uns ein Abschlussschreiben, in dem Hinweise auf etwaige Fristen enthalten sind. <\/li><\/ol>\n","protected":false},"excerpt":{"rendered":"<p>Was Sie von uns erwarten d\u00fcrfen und was wir Ihnen anbieten: Vertrauen: Vertrauen ist das h\u00f6chste Gut, dem wir uns Innen gegen\u00fcber verpflichtet f\u00fchlen. Vertraulichkeit und Verschwiegenheit sind selbstverst\u00e4ndlich. Das wissen auch unsere Mitarbeiter. Beratungsansatz: Wir erforschen den Sachverhalt mit &hellip; <a href=\"https:\/\/isar-legal.de\/?page_id=50\">Weiterlesen <span class=\"meta-nav\">&rarr;<\/span><\/a><\/p>\n","protected":false},"author":1,"featured_media":0,"parent":0,"menu_order":0,"comment_status":"closed","ping_status":"closed","template":"","meta":[],"_links":{"self":[{"href":"https:\/\/isar-legal.de\/index.php?rest_route=\/wp\/v2\/pages\/50"}],"collection":[{"href":"https:\/\/isar-legal.de\/index.php?rest_route=\/wp\/v2\/pages"}],"about":[{"href":"https:\/\/isar-legal.de\/index.php?rest_route=\/wp\/v2\/types\/page"}],"author":[{"embeddable":true,"href":"https:\/\/isar-legal.de\/index.php?rest_route=\/wp\/v2\/users\/1"}],"replies":[{"embeddable":true,"href":"https:\/\/isar-legal.de\/index.php?rest_route=%2Fwp%2Fv2%2Fcomments&post=50"}],"version-history":[{"count":4,"href":"https:\/\/isar-legal.de\/index.php?rest_route=\/wp\/v2\/pages\/50\/revisions"}],"predecessor-version":[{"id":131,"href":"https:\/\/isar-legal.de\/index.php?rest_route=\/wp\/v2\/pages\/50\/revisions\/131"}],"wp:attachment":[{"href":"https:\/\/isar-legal.de\/index.php?rest_route=%2Fwp%2Fv2%2Fmedia&parent=50"}],"curies":[{"name":"wp","href":"https:\/\/api.w.org\/{rel}","templated":true}]}}